be p(19). Calculate the highest common factor of y and 9261.
189
Let c = -15831 + 15840. Let g = -17 - -35. What is the highest common factor of g and c?
9
Let k(l) = -l**2 + 66*l - 493. Let x be k(43). Calculate the greatest common factor of 3844 and x.
124
Let x = 4 - 14. Let v be x/15 + (-232)/(-6). Let w = 899 + -804. Calculate the highest common divisor of v and w.
19
Suppose -6*w - 2*v + 34 = 0, -3*w + 5*v = -7*w + 19. What is the highest common divisor of w and 3024?
6
Let f(j) be the second derivative of j**4/6 + 5*j**3/6 - 2*j**2 - 4*j - 9. Let o be f(4). What is the greatest common divisor of 24 and o?
24
Let x(b) = -b**2 - 242*b - 3348. Let l be x(-15). What is the greatest common divisor of l and 2204?
19
Suppose 0 = -w + 6*w - 1885. Let b be -13*28/(21 + -49). Calculate the highest common divisor of w and b.
13
Suppose 0 = -19*a + 16*a + 78. Let k(d) = -2*d**3 - 12*d**2 + 2*d + 46. Let p be k(-8). What is the highest common divisor of p and a?
26
Let g(i) = -2160*i - 2. Let v be g(-1). Let o = -1508 + v. Calculate the highest common factor of o and 50.
50
Suppose 0 = -o - 4*h - 4, -9*h = 3*o - 14*h - 22. Suppose o*f + 19 + 59 = 2*v, -5*v + 167 = -3*f. Calculate the highest common divisor of v and 496.
31
Suppose -74*w - 6 = -71*w. Let p be 1934*(-9)/(-108) - w/(-12). What is the highest common factor of p and 92?
23
Let x = -1797 - -1805. What is the greatest common divisor of x and 262?
2
Let a(l) = 12 - 132 - 216 - 69*l. Let f be a(-7). Calculate the greatest common factor of f and 49.
49
Let m = -3 + 5. Suppose 22 = 4*o - 3*r, -7 = -3*o - 5*r - 5. Suppose -i + 3*i = -4, o*f + 5*i = 22. What is the highest common divisor of m and f?
2
Let s = -1204 + 1442. Let v be (-19712)/(-24) - 4/(-6). Let k be (-1)/4 + v/24. What is the greatest common factor of k and s?
34
Let b(a) = -a**3 + 7*a**2 + 10. Let z be b(7). Let c be 2 + 1 - (63/(-1))/(-3). Let p = z - c. What is the greatest common factor of 56 and p?
28
Suppose 2*k - 4*d = 7 + 11, -21 = -5*k - 2*d. Suppose -3*u - k*y + 147 = 0, 5*u - 125 = -2*y + 120. Calculate the highest common factor of u and 21.
7
Let l be ((-48)/(-144) - 760/(-6)) + -10. Calculate the greatest common factor of 8658 and l.
117
Suppose 2*r - 610 = -2*f, -8*r + 10*r = -4*f + 604. Suppose 84 = 8*l - r. Let o be (-2)/8 + (-58)/(-8). Calculate the highest common divisor of l and o.
7
Suppose 37*r - 8006 - 30994 = -2*r. Calculate the greatest common factor of 40 and r.
40
Suppose 0 = -t - 2*t + 3. Let d be 0/6 - 3*t. Let s be d - (20/6)/(1/(-3)). Calculate the greatest common divisor of 49 and s.
7
Suppose 17*h + 37273 = 26*h - 11975. What is the greatest common factor of 36 and h?
36
Let b(d) = -d**2 + 12*d + 265. Let k be b(20). Calculate the greatest common factor of k and 2485.
35
Let r(j) = -j**2 + 11*j + 4. Let c be r(12). Let o(q) = -8*q - 34. Let i be o(c). Suppose 2*w + i = 5*w. Calculate the greatest common factor of 2 and w.
2
Let s(p) = -2*p**3 - 5*p**2 - 10*p - 12. Let k be s(-4). Suppose 8*y - 7904 = -0*y. Calculate the highest common divisor of k and y.
76
Suppose -8*d - 15 = 97. Let q be (16 + d)*(-1 - -20). Suppose 4*s = 83 + 69. Calculate the highest common factor of q and s.
38
Let q = -3952 + 2740. Let l be 20/(-150)*q + (-6)/10. Calculate the greatest common divisor of 14 and l.
7
Suppose -5*b = 5*n - 5, -6*b - 11 = -5*n - 8*b. Suppose -2*j - n*w - 2*w = 6, 4*j + w = 24. Calculate the highest common divisor of 133 and j.
7
Let s be 195 + (14/(-6) - (-6)/(-9)). Suppose -6*r + 3*x - s = -7*r, -193 = -r - 2*x. Calculate the greatest common divisor of 39 and r.
39
Let h be (-22 + 63)/((-6)/33 + (-13)/(-11)). Let a = -320 + 648. Calculate the highest common factor of a and h.
41
Suppose -2*l - 5*j + 608 = 0, 733 = 5*l - 3*j - 880. Calculate the highest common divisor of 841 and l.
29
Suppose 3361 - 3491 = -d + 4*u, -5*d + 4*u + 650 = 0. What is the greatest common factor of 637 and d?
13
Let z = 79626 + -5695. What is the highest common divisor of 143 and z?
143
Let o(n) = -n**2 - 2*n + 63. Let j be o(-8). What is the highest common divisor of 2175 and j?
15
Suppose 2 = -g + 2*g, 4*g + 37 = 3*i. Let b = -21432 + 21453. What is the greatest common factor of b and i?
3
Suppose 0 = w + 3*p - 36, -3*w - 2*p + 130 = 50. Let y = -419 - -419. Suppose y = -2*q + 24 + 12. What is the highest common divisor of q and w?
6
Suppose 1657 = 4*n - 3*u, -4*u = -212 + 192. What is the greatest common divisor of 66 and n?
22
Let v be (517 - 519) + (2 - (0 + -72)). What is the greatest common factor of 2817 and v?
9
Let j = -34 + 27. Let d be (3/(-4) - 0)/(j/700). Let h = -63 + d. What is the highest common divisor of h and 60?
12
Suppose -20*u + 280 = -u - 17*u. What is the greatest common factor of 476 and u?
28
Let l(k) = -64*k + 85. Suppose -68 = -4*o + 21*o. Let q be l(o). Calculate the highest common factor of q and 62.
31
Let k(t) = t**3 + 6*t**2 + 4*t + 4. Let r be k(-5). Suppose 8*w + 153 = r. Let n = 52 + w. Calculate the highest common divisor of 34 and n.
34
Let v(i) = i**3 + 12*i**2 + 10*i + 8. Let o be v(-11). Let d be (547/4)/(2/8) + (-56)/(-14). What is the greatest common factor of d and o?
19
Let q be 1/5 + 144/80. Suppose -l = 2*y - 111, 78 = 2*y + q*l - 34. What is the greatest common factor of y and 220?
55
Suppose -5*y - 2*w + 12984 = 0, -9*y - 104*w = -105*w - 23362. What is the greatest common factor of y and 3068?
236
Let n = 695 - 525. Calculate the highest common divisor of n and 612.
34
Suppose 0 = 22*y - 31*y + 42462. What is the highest common factor of 14 and y?
14
Suppose -9*q - 2736 = -123*q. Calculate the highest common divisor of q and 2472.
24
Let k = 505 + -309. Let g = k - 292. Let b = -16 - g. Calculate the highest common factor of b and 10.
10
Suppose -5*k + 309 = -4*a, k = 4*k - a - 191. Suppose -5*l - 5*y = -605, -578 = -4*l - 2*y - 76. Calculate the greatest common factor of k and l.
65
Let z(d) = 2*d**3 - 5*d**2 - 2*d + 7. Let j be z(5). Let y = j - 117. Suppose 4*k = 147 + y. Calculate the greatest common divisor of 342 and k.
38
Let u be (-41 + 77)*((-3 - -8) + -1). Let i(f) = -f**3 - 6*f**2 + 2*f + 4. Let g be i(-7). Let s = g + -21. Calculate the greatest common divisor of u and s.
18
Suppose 13*l = 15*l - 3*x - 315, 3*l = 5*x + 470. Calculate the greatest common divisor of l and 66.
33
Let a(t) = -t**3 + 10*t**2 - 9*t - 23. Let k = 108 + -100. Let l be a(k). What is the highest common divisor of l and 110?
11
Suppose -2*g - 5 + 11 = 0. Suppose 5*n - w = 4*w + 35, g*w + 14 = 2*n. Let i be (-75)/175 + 87/n. Calculate the greatest common divisor of 2 and i.
2
Let t be 360/21*(5 - -2). Suppose -5 = -n - 2, -t = 3*a + 2*n. Let m be 162/63*a/(-9). Calculate the greatest common factor of 12 and m.
12
Suppose 15800 - 4920 = 320*c. What is the greatest common factor of 5066 and c?
34
Let d = -193 - -192. Let l(t) = -121*t - 13. Let x be l(d). Calculate the highest common divisor of x and 27.
27
Let k(a) be the second derivative of -11*a**3/6 + 281*a**2/2 - 140*a. Let h be k(25). Calculate the greatest common factor of h and 150.
6
Suppose -3 = 3*b, -23 = -5*l + 5*b + 37. What is the greatest common factor of 1177 and l?
11
Let i = -193 - -102. Let z = i + 103. Let j = 57 - 55. Calculate the greatest common factor of z and j.
2
Suppose -4*d = -3*a + 189, 4*a + 5*d - 239 = 13. What is the greatest common divisor of 21 and a?
21
Let w = -151433 - -151437. Let m be (2/4)/((-4)/(-8)). Let o = 3 + m. What is the highest common divisor of w and o?
4
Suppose 3*t - 27 + 15 = 0. Suppose 0 = -5*h + 25, -48 = -t*c - h + 5*h. What is the greatest common divisor of 323 and c?
17
Let o = 525 + -150. Suppose -2*l - 3*k + 138 = -k, -5*k = -5*l + o. What is the greatest common divisor of 12 and l?
12
Let x = -1499 + 1637. Calculate the highest common divisor of 184 and x.
46
Let i(y) = -y**2 + 45*y + 120. Let u = -194 + 241. Let h be i(u). What is the greatest common factor of h and 39?
13
Suppose 0 = -0*w - 86*w - 397 + 3235. What is the highest common factor of w and 979?
11
Suppose -256 = -3*t - 5*r + 354, -821 = -4*t + r. What is the highest common divisor of 5 and t?
5
Let a(i) = 11*i. Let n be a(-4). Let j be 27/(44/(-66) - (2 + -3)). Let z = j + n. Calculate the highest common divis